{"id":66,"date":"2012-11-20T20:48:42","date_gmt":"2012-11-20T20:48:42","guid":{"rendered":"http:\/\/festivalmfst.wordpress.com\/?page_id=24"},"modified":"2017-06-10T22:33:41","modified_gmt":"2017-06-10T20:33:41","slug":"workshops","status":"publish","type":"page","link":"https:\/\/festiwal.at.edu.pl\/en\/archiwum-festiwalu\/archiwum-7-festiwalu-itself\/programme\/workshops\/","title":{"rendered":"Warsztaty"},"content":{"rendered":"<h4 style=\"text-align:center\"><a href=\"\/wp-content\/uploads\/sites\/3\/img_archive\/dsc_03891.jpg\" data-gallery><img loading=\"lazy\" decoding=\"async\" class=\"aligncenter size-full wp-image-538\" alt=\"dsc_0389\" src=\"\/wp-content\/uploads\/sites\/3\/img_archive\/dsc_03891.jpg\" width=\"470\" height=\"313\" \/><\/a>Warsztaty dla amator\u00f3w teatru i profesjonalist\u00f3w na sta\u0142e wpisa\u0142y si\u0119 w program Festiwalu ITSelF.<\/h4>\n<h4 style=\"text-align:center\">A oto oferta 7. Mi\u0119dzynarodowego Festiwalu ITSelF:<\/h4>\n<p style=\"text-align:center\" align=\"center\"><b>Warsztat I<\/b><\/p>\n<p style=\"text-align:center\" align=\"center\"><b>\u201ePoetic body\u201d &#8211; Thomas Prattki <\/b><\/p>\n<p style=\"text-align:center\" align=\"center\"><b>(29-30.06.2013 godz. 10.00-14.00)<\/b><\/p>\n<p style=\"text-align:center\" align=\"center\"><b>\u00a0<\/b><\/p>\n<p style=\"text-align:center\" align=\"center\"><b>Thomas Prattki<\/b> \u2013 za\u0142o\u017cyciel i dyrektor LISPA (London International School of Performing Arts). Jego celem jest rozw\u00f3j artystycznego indywidualizmu, teatralnej kreacji a przede wszystkim rozw\u00f3j wewn\u0119trzny. Thomas Prattki od lat prowadzi mi\u0119dzynarodowe warsztaty teatralne dotycz\u0105ce ekspresji dramatycznej, kt\u00f3re ciesz\u0105 si\u0119 niezwyk\u0142ym zainteresowaniem. Wi\u0119cej informacji mo\u017cna uzyska\u0107 na stronie internetowej: <a href=\"http:\/\/www.lispa.co.uk\">www.lispa.co.uk<\/a><\/p>\n<p style=\"text-align:center\" align=\"center\"><a href=\"\/wp-content\/uploads\/sites\/3\/img_archive\/new-image.jpg\" data-gallery><img loading=\"lazy\" decoding=\"async\" class=\"size-full wp-image-541 alignnone\" alt=\"OLYMPUS DIGITAL CAMERA\" src=\"\/wp-content\/uploads\/sites\/3\/img_archive\/new-image.jpg\" width=\"276\" height=\"206\" \/><\/a><\/p>\n<p style=\"text-align:center\">Uczestnicy warsztatu poprzez stricte fizyczne podej\u015bcie do muzyki, malarstwa, poezji oraz innych dziedzin sztuki, zapraszani s\u0105 do \u0142\u0105czenia, \u017cycia ze sztuk\u0105, a tak\u017ce do pracy nad korelacj\u0105 cia\u0142a z emocjami oraz nad ekspresj\u0105 ruchu. Dodatkowo warsztat ma s\u0142u\u017cy\u0107 tak\u017ce g\u0142\u0119bszemu zrozumieniu podstawowych dynamicznych si\u0142, kt\u00f3re drzemi\u0105<br \/>\nw ka\u017cdej formie sztuki oraz ich istotnym funkcjom przy tworzeniu artystycznej kreacji.<br \/>\nDo osi\u0105gni\u0119cia celu wykorzystywane s\u0105 techniki improwizacji.<\/p>\n<p style=\"text-align:center\" align=\"center\"><b>Warsztat II<\/b><\/p>\n<p style=\"text-align:center\" align=\"center\"><b>\u201eSpotkanie<\/b><b> masek i postaci \u00a0komedii dell&#8217;arte&#8221; \u2013 Claudio de Maglio<br \/>\n(02.07.2013 godz. 10.00-14.00)<\/b><\/p>\n<p style=\"text-align:center\"><b>Claudio de Maglio &#8211; <\/b>Aktor, re\u017cyser, dramaturg w\u0142oski. Dyrektor Civica d&#8217;Arte Drammatica. Wybitny specjalista w zakresie technik ekspresyjnych, a tak\u017ce komedii dell\u2019arte \u2013 rdzenia w\u0142oskiej tradycji teatralnej. W ostatnich latach prowadzi\u0142\u00a0 liczne warsztaty, kt\u00f3re doprowadzi\u0142y do utworzenie grupy teatralnej znanej jako &#8220;Centro Teatro Ateneo&#8221; na\u00a0Uniwersytecie La Sapienza w Rzymie.<\/p>\n<p style=\"text-align:center\"><a href=\"\/wp-content\/uploads\/sites\/3\/img_archive\/claudio-de-maglio-short-online-picture.png\" data-gallery><img loading=\"lazy\" decoding=\"async\" class=\"aligncenter size-full wp-image-480\" alt=\"Claudio de Maglio- short online picture\" src=\"\/wp-content\/uploads\/sites\/3\/img_archive\/claudio-de-maglio-short-online-picture.png\" width=\"104\" height=\"172\" \/><\/a><\/p>\n<p style=\"text-align:center\">W XVI wieku przez podzielon\u0105, gn\u0119bion\u0105 podbojami i wojnami religijnymi Europ\u0119 podr\u00f3\u017cowali aktorzy commedii dell&#8217;arte. Tworzyli komedie, kt\u00f3re ka\u017cdy m\u00f3g\u0142 zrozumie\u0107 i\u00a0czerpa\u0107 z nich przyjemno\u015b\u0107. Sw\u0105 popularno\u015b\u0107 zawdzi\u0119cza\u0142y obecno\u015bci rozpoznawalnych typ\u00f3w postaci, \u0142atwych do zidentyfikowania przez publiczno\u015b\u0107 dzi\u0119ki wykorzystaniu specjalnych technik kreacji. Doprowadzi\u0142o to do utrwalenia pewnych typ\u00f3w komicznych<br \/>\no charakterystycznym wygl\u0105dzie i zachowaniu, tzw. masek.\u00a0 Dzi\u0119ki nim commedia dell&#8217;arte zyska\u0142a uniwersalny j\u0119zyk teatralny, daj\u0105cy aktorom szerokie mo\u017cliwo\u015bci tw\u00f3rcze.<\/p>\n<p style=\"text-align:center\">W trakcie warsztatu uczestnicy zostan\u0105 wprowadzeni w kilka wa\u017cnych etap\u00f3w urzekaj\u0105cego \u015bwiata commedii dell&#8217;arte:<\/p>\n<p style=\"text-align:center\">1) \u201eCia\u0142o Maski\u201d: trening cia\u0142a, poziom energii i techniki \u201espotkania\u201d maski<\/p>\n<p style=\"text-align:center\">2) \u201eCia\u0142o Postaci\u201d: analiza g\u0142\u00f3wnych postaci oraz pr\u00f3ba dostosowania ich do umiej\u0119tno\u015bci aktora<\/p>\n<p style=\"text-align:center\">3) \u201eOdkrywanie w\u0142asnej Postaci\u201d: zg\u0142\u0119bianie i improwizacji<\/p>\n<p style=\"text-align:center\"><strong>Warsztat III<\/strong><\/p>\n<p style=\"text-align:center\"><strong>Folklor Afrokuba\u0144ski dla aktor\u00f3w\u00a0 &#8211;\u00a0\u00a0 <\/strong><strong>01.07.2013 &#8211; 10.00-12.00<\/strong><\/p>\n<p style=\"text-align:center\">Celem tego warsztatu jest praca nad energiami, kt\u00f3re produkuje oryginalny afrokuba\u0144ski taniec. Chodzi o to, aby poprzez taniec i aktorstwo do\u015bwiadczy\u0107 wra\u017ce\u0144, kt\u00f3rych ten taniec dostarcza. Aktorzy odgrywaj\u0105 postaci \u015bwi\u0119tych poprzez ruch taneczny. B\u0119dzie to po\u0142\u0105czenie ta\u0144ca wywodz\u0105cego si\u0119 z folkloru z aktorstwem. Wa\u017cne jest poznanie tego charakterystycznego ta\u0144ca afrokuba\u0144skiego dla zrozumienia sposobu grania kuba\u0144skich aktor\u00f3w.<\/p>\n<p style=\"text-align:center\">Warsztaty s\u0105 skierowane do uczestnik\u00f3w Festiwalu ITSelF oraz student\u00f3w Akademii Teatralnej im. Aleksandra Zelwerowicza w Warszawie.<\/p>\n<p style=\"text-align:center\">Po uiszczeniu op\u0142aty mog\u0105 te\u017c\u00a0 wzi\u0105\u0107 w nich udzia\u0142 wszyscy zainteresowani teatrem.<\/p>\n<p align=\"center\">Cena dwudniowego warsztatu I: <b>150 z\u0142.<\/b><\/p>\n<p align=\"center\">Cena jednodniowego warsztatu II:<strong> 80 z\u0142<\/strong><\/p>\n<p align=\"center\">Dla wszystkich, kt\u00f3rzy wy\u015bl\u0105 swoje zg\u0142oszenia do ko\u0144ca maja<br \/>\n\u2013 <b>cena odpowiednio 120 z\u0142 i 60 z\u0142<br \/>\n<\/b><\/p>\n<p style=\"text-align:center\">Wszystkich zainteresowanych warsztatami prosimy o nadsy\u0142anie zg\u0142osze\u0144<br \/>\nna adres mailowy:<br \/>\n<strong>workshops.itself@gmail.com<\/strong><\/p>\n<p style=\"text-align:center\"><strong> Liczba miejsc ograniczona!!!<\/strong><\/p>\n","protected":false},"excerpt":{"rendered":"<p>Warsztaty dla amator\u00f3w teatru i profesjonalist\u00f3w na sta\u0142e wpisa\u0142y si\u0119 w program Festiwalu ITSelF. A oto oferta 7. Mi\u0119dzynarodowego Festiwalu ITSelF: Warsztat I \u201ePoetic body\u201d &#8211; Thomas Prattki (29-30.06.2013 godz. 10.00-14.00) \u00a0 Thomas Prattki \u2013 za\u0142o\u017cyciel i dyrektor LISPA (London International School of Performing Arts). Jego celem jest rozw\u00f3j artystycznego indywidualizmu, teatralnej kreacji a przede [&hellip;]<\/p>\n","protected":false},"author":1,"featured_media":0,"parent":62,"menu_order":52,"comment_status":"open","ping_status":"closed","template":"","meta":{"_acf_changed":false,"footnotes":""},"class_list":["post-66","page","type-page","status-publish","hentry"],"acf":[],"jetpack_shortlink":"https:\/\/wp.me\/P8N69B-14","jetpack_sharing_enabled":true,"_links":{"self":[{"href":"https:\/\/festiwal.at.edu.pl\/en\/wp-json\/wp\/v2\/pages\/66"}],"collection":[{"href":"https:\/\/festiwal.at.edu.pl\/en\/wp-json\/wp\/v2\/pages"}],"about":[{"href":"https:\/\/festiwal.at.edu.pl\/en\/wp-json\/wp\/v2\/types\/page"}],"author":[{"embeddable":true,"href":"https:\/\/festiwal.at.edu.pl\/en\/wp-json\/wp\/v2\/users\/1"}],"replies":[{"embeddable":true,"href":"https:\/\/festiwal.at.edu.pl\/en\/wp-json\/wp\/v2\/comments?post=66"}],"version-history":[{"count":1,"href":"https:\/\/festiwal.at.edu.pl\/en\/wp-json\/wp\/v2\/pages\/66\/revisions"}],"predecessor-version":[{"id":2685,"href":"https:\/\/festiwal.at.edu.pl\/en\/wp-json\/wp\/v2\/pages\/66\/revisions\/2685"}],"up":[{"embeddable":true,"href":"https:\/\/festiwal.at.edu.pl\/en\/wp-json\/wp\/v2\/pages\/62"}],"wp:attachment":[{"href":"https:\/\/festiwal.at.edu.pl\/en\/wp-json\/wp\/v2\/media?parent=66"}],"curies":[{"name":"wp","href":"https:\/\/api.w.org\/{rel}","templated":true}]}}

<h4 style="text-align:center"><a href="/wp-content/uploads/sites/3/img_archive/dsc_03891.jpg" data-gallery><img loading="lazy" decoding="async" class="aligncenter size-full wp-image-538" alt="dsc_0389" src="/wp-content/uploads/sites/3/img_archive/dsc_03891.jpg" width="470" height="313" /></a>Warsztaty dla amatorów teatru i profesjonalistów na stałe wpisały się w program Festiwalu ITSelF.</h4>
<h4 style="text-align:center">A oto oferta 7. Międzynarodowego Festiwalu ITSelF:</h4>
<p style="text-align:center" align="center"><b>Warsztat I</b></p>
<p style="text-align:center" align="center"><b>„Poetic body” &#8211; Thomas Prattki </b></p>
<p style="text-align:center" align="center"><b>(29-30.06.2013 godz. 10.00-14.00)</b></p>
<p style="text-align:center" align="center"><b> </b></p>
<p style="text-align:center" align="center"><b>Thomas Prattki</b> – założyciel i dyrektor LISPA (London International School of Performing Arts). Jego celem jest rozwój artystycznego indywidualizmu, teatralnej kreacji a przede wszystkim rozwój wewnętrzny. Thomas Prattki od lat prowadzi międzynarodowe warsztaty teatralne dotyczące ekspresji dramatycznej, które cieszą się niezwykłym zainteresowaniem. Więcej informacji można uzyskać na stronie internetowej: <a href="http://www.lispa.co.uk">www.lispa.co.uk</a></p>
<p style="text-align:center" align="center"><a href="/wp-content/uploads/sites/3/img_archive/new-image.jpg" data-gallery><img loading="lazy" decoding="async" class="size-full wp-image-541 alignnone" alt="OLYMPUS DIGITAL CAMERA" src="/wp-content/uploads/sites/3/img_archive/new-image.jpg" width="276" height="206" /></a></p>
<p style="text-align:center">Uczestnicy warsztatu poprzez stricte fizyczne podejście do muzyki, malarstwa, poezji oraz innych dziedzin sztuki, zapraszani są do łączenia, życia ze sztuką, a także do pracy nad korelacją ciała z emocjami oraz nad ekspresją ruchu. Dodatkowo warsztat ma służyć także głębszemu zrozumieniu podstawowych dynamicznych sił, które drzemią<br />
w każdej formie sztuki oraz ich istotnym funkcjom przy tworzeniu artystycznej kreacji.<br />
Do osiągnięcia celu wykorzystywane są techniki improwizacji.</p>
<p style="text-align:center" align="center"><b>Warsztat II</b></p>
<p style="text-align:center" align="center"><b>„Spotkanie</b><b> masek i postaci  komedii dell&#8217;arte&#8221; – Claudio de Maglio<br />
(02.07.2013 godz. 10.00-14.00)</b></p>
<p style="text-align:center"><b>Claudio de Maglio &#8211; </b>Aktor, reżyser, dramaturg włoski. Dyrektor Civica d&#8217;Arte Drammatica. Wybitny specjalista w zakresie technik ekspresyjnych, a także komedii dell’arte – rdzenia włoskiej tradycji teatralnej. W ostatnich latach prowadził  liczne warsztaty, które doprowadziły do utworzenie grupy teatralnej znanej jako &#8220;Centro Teatro Ateneo&#8221; na Uniwersytecie La Sapienza w Rzymie.</p>
<p style="text-align:center"><a href="/wp-content/uploads/sites/3/img_archive/claudio-de-maglio-short-online-picture.png" data-gallery><img loading="lazy" decoding="async" class="aligncenter size-full wp-image-480" alt="Claudio de Maglio- short online picture" src="/wp-content/uploads/sites/3/img_archive/claudio-de-maglio-short-online-picture.png" width="104" height="172" /></a></p>
<p style="text-align:center">W XVI wieku przez podzieloną, gnębioną podbojami i wojnami religijnymi Europę podróżowali aktorzy commedii dell&#8217;arte. Tworzyli komedie, które każdy mógł zrozumieć i czerpać z nich przyjemność. Swą popularność zawdzięczały obecności rozpoznawalnych typów postaci, łatwych do zidentyfikowania przez publiczność dzięki wykorzystaniu specjalnych technik kreacji. Doprowadziło to do utrwalenia pewnych typów komicznych<br />
o charakterystycznym wyglądzie i zachowaniu, tzw. masek.  Dzięki nim commedia dell&#8217;arte zyskała uniwersalny język teatralny, dający aktorom szerokie możliwości twórcze.</p>
<p style="text-align:center">W trakcie warsztatu uczestnicy zostaną wprowadzeni w kilka ważnych etapów urzekającego świata commedii dell&#8217;arte:</p>
<p style="text-align:center">1) „Ciało Maski”: trening ciała, poziom energii i techniki „spotkania” maski</p>
<p style="text-align:center">2) „Ciało Postaci”: analiza głównych postaci oraz próba dostosowania ich do umiejętności aktora</p>
<p style="text-align:center">3) „Odkrywanie własnej Postaci”: zgłębianie i improwizacji</p>
<p style="text-align:center"><strong>Warsztat III</strong></p>
<p style="text-align:center"><strong>Folklor Afrokubański dla aktorów  &#8211;   </strong><strong>01.07.2013 &#8211; 10.00-12.00</strong></p>
<p style="text-align:center">Celem tego warsztatu jest praca nad energiami, które produkuje oryginalny afrokubański taniec. Chodzi o to, aby poprzez taniec i aktorstwo doświadczyć wrażeń, których ten taniec dostarcza. Aktorzy odgrywają postaci świętych poprzez ruch taneczny. Będzie to połączenie tańca wywodzącego się z folkloru z aktorstwem. Ważne jest poznanie tego charakterystycznego tańca afrokubańskiego dla zrozumienia sposobu grania kubańskich aktorów.</p>
<p style="text-align:center">Warsztaty są skierowane do uczestników Festiwalu ITSelF oraz studentów Akademii Teatralnej im. Aleksandra Zelwerowicza w Warszawie.</p>
<p style="text-align:center">Po uiszczeniu opłaty mogą też  wziąć w nich udział wszyscy zainteresowani teatrem.</p>
<p align="center">Cena dwudniowego warsztatu I: <b>150 zł.</b></p>
<p align="center">Cena jednodniowego warsztatu II:<strong> 80 zł</strong></p>
<p align="center">Dla wszystkich, którzy wyślą swoje zgłoszenia do końca maja<br />
– <b>cena odpowiednio 120 zł i 60 zł<br />
</b></p>
<p style="text-align:center">Wszystkich zainteresowanych warsztatami prosimy o nadsyłanie zgłoszeń<br />
na adres mailowy:<br />
<strong>workshops.itself@gmail.com</strong></p>
<p style="text-align:center"><strong> Liczba miejsc ograniczona!!!</strong></p>

<p>Warsztaty dla amatorów teatru i profesjonalistów na stałe wpisały się w program Festiwalu ITSelF. A oto oferta 7. Międzynarodowego Festiwalu ITSelF: Warsztat I „Poetic body” &#8211; Thomas Prattki (29-30.06.2013 godz. 10.00-14.00)   Thomas Prattki – założyciel i dyrektor LISPA (London International School of Performing Arts). Jego celem jest rozwój artystycznego indywidualizmu, teatralnej kreacji a przede [&hellip;]</p>
